ighest common factor of 776 and 2176.
8
Calculate the highest common factor of 59019 and 103.
103
Calculate the greatest common factor of 368219 and 236.
59
Calculate the highest common factor of 318 and 594978.
318
What is the highest common divisor of 6768 and 22662?
18
Calculate the greatest common divisor of 351948 and 211.
211
What is the highest common factor of 532 and 7316?
4
Calculate the highest common divisor of 69348 and 24.
12
What is the highest common factor of 6264 and 1856?
232
Calculate the greatest common factor of 440 and 566940.
220
What is the greatest common divisor of 26213 and 11?
11
Calculate the greatest common divisor of 320 and 72340.
20
What is the highest common divisor of 15 and 108375?
15
Calculate the highest common factor of 30 and 125480.
10
Calculate the greatest common divisor of 188 and 403166.
94
What is the highest common divisor of 14807 and 182104?
221
What is the highest common factor of 78 and 49998?
78
Calculate the highest common factor of 46 and 1852558.
46
Calculate the highest common factor of 4144 and 2912.
112
Calculate the highest common divisor of 91709 and 1565.
313
What is the highest common factor of 1655595 and 45?
45
Calculate the greatest common divisor of 83415 and 71355.
1005
What is the greatest common divisor of 56715 and 105?
15
What is the greatest common divisor of 419103 and 9?
9
What is the greatest common divisor of 117957 and 14637?
861
Calculate the greatest common factor of 697760 and 6370.
490
What is the greatest common factor of 7116 and 1212?
12
What is the highest common divisor of 646 and 3173?
19
Calculate the highest common factor of 116152 and 24.
8
Calculate the greatest common divisor of 139384 and 798.
266
Calculate the greatest common divisor of 232 and 168548.
116
What is the greatest common divisor of 146 and 16571?
73
Calculate the highest common factor of 385 and 166915.
35
Calculate the greatest common divisor of 3240 and 200920.
40
What is the greatest common factor of 30 and 3294?
6
What is the greatest common factor of 272 and 62720?
16
What is the highest common factor of 6913 and 3568?
223
Calculate the greatest common divisor of 2387 and 27258.
77
Calculate the greatest common factor of 20106 and 72.
18
What is the greatest common factor of 3408 and 5041?
71
Calculate the highest common divisor of 30735 and 30.
15
Calculate the highest common divisor of 115354 and 38732.
842
What is the highest common factor of 481 and 59189?
13
What is the highest common factor of 16808 and 682?
22
What is the highest common divisor of 6030 and 1476?
18
Calculate the highest common divisor of 182 and 102778.
26
What is the greatest common factor of 246 and 44526?
246
What is the highest common divisor of 8120 and 104342?
406
What is the greatest common factor of 16644 and 1824?
228
What is the greatest common factor of 5082 and 798?
42
What is the greatest common divisor of 13700 and 125?
25
What is the highest common factor of 15505 and 67779?
443
Calculate the greatest common divisor of 2869 and 453.
151
What is the greatest common factor of 8384134 and 88?
22
What is the greatest common factor of 4081 and 3773?
77
What is the greatest common factor of 275 and 19745?
55
What is the greatest common divisor of 2139876 and 72?
36
Calculate the greatest common factor of 95 and 8025695.
95
What is the highest common divisor of 137606 and 14?
14
Calculate the greatest common divisor of 6432 and 768.
96
What is the greatest common divisor of 363 and 37290?
33
What is the greatest common divisor of 4032 and 151488?
576
What is the highest common factor of 223102 and 1034?
22
What is the greatest common divisor of 9932 and 520284?
764
Calculate the highest common factor of 2196500 and 20.
20
What is the greatest common factor of 1723698 and 1161?
387
What is the greatest common divisor of 118332 and 86154?
1038
What is the highest common divisor of 41296 and 2320?
464
What is the highest common factor of 1752795 and 198?
99
What is the highest common divisor of 1122 and 1254?
66
What is the greatest common factor of 43788 and 35333?
89
Calculate the greatest common factor of 90 and 339510.
30
What is the greatest common divisor of 265 and 62752?
53
What is the greatest common divisor of 4850 and 60?
10
Calculate the highest common factor of 34641 and 81.
27
Calculate the highest common divisor of 1938 and 4267.
17
Calculate the highest common factor of 144468 and 24.
12
What is the highest common divisor of 248574 and 510?
102
What is the highest common divisor of 513 and 1593?
27
What is the highest common divisor of 110222 and 70?
14
Calculate the greatest common divisor of 54639 and 1911.
39
What is the greatest common divisor of 3718 and 840606?
338
What is the greatest common factor of 45756 and 656?
164
Calculate the highest common factor of 421006 and 8326.
362
Calculate the highest common factor of 121625 and 350.
175
Calculate the highest common divisor of 1640 and 32185.
205
What is the greatest common factor of 6235 and 2083737?
1247
What is the greatest common factor of 238 and 25636?
34
What is the highest common divisor of 13408 and 2656?
32
What is the highest common divisor of 402 and 798?
6
Calculate the highest common divisor of 1415 and 552133.
283
What is the greatest common factor of 307078 and 6?
2
What is the highest common factor of 1269889 and 3086?
1543
Calculate the highest common factor of 146 and 4134574.
146
Calculate the greatest common divisor of 2457 and 1026.
27
What is the highest common divisor of 6 and 482?
2
What is the greatest common factor of 10626 and 11?
11
What is the greatest common factor of 522705 and 15?
15
What is the greatest common divisor of 3760 and 1280?
80
Calculate the greatest common factor of 2256876 and 72.
36
Calculate the highest common factor of 181917 and 87.
87
What is the greatest common factor of 5810 and 1979550?
830
Calculate the greatest common divisor of 1536656 and 704.
176
What is the greatest common factor of 326700 and 88?
44
What is the highest common divisor of 2157606 and 66?
66
Calculate the highest common divisor of 885626 and 14.
14
What is the highest common divisor of 263851 and 49?
7
Calculate the highest common divisor of 29580 and 174.
174
What is the highest common factor of 7592 and 364?
52
Calculate the highest common divisor of 7506 and 82.
2
What is the highest common divisor of 249 and 1202919?
249
Calculate the greatest common divisor of 45811 and 366.
61
What is the greatest common divisor of 118 and 83662?
118
What is the greatest common divisor of 3286 and 212?
106
Calculate the highest common factor of 30303 and 382473.
819
Calculate the greatest common factor of 51660 and 7020.
180
Calculate the highest common factor of 80 and 24976.
16
Calculate the highest common factor of 18 and 23632236.
18
What is the highest common divisor of 1764 and 5684?
196
What is the highest common factor of 34 and 540838?
34
Calculate the greatest common factor of 6288 and 1272.
24
What is the greatest common factor of 6786 and 17980?
58
Calculate the greatest common factor of 6517 and 136458.
133
What is the greatest common factor of 35 and 25445?
35
What is the greatest common factor of 498564 and 9?
9
Calculate the highest common factor of 210 and 225393.
21
What is the highest common divisor of 1872 and 30186?
234
What is the greatest common divisor of 312 and 375752?
104
What is the greatest common divisor of 36951 and 109?
109
What is the highest common factor of 117725 and 139885?
1385
What is the greatest common divisor of 486 and 4131?
243
What is the highest common divisor of 2009907 and 27?
27
What is the highest common factor of 500 and 117750?
250
What is the highest common divisor of 667184 and 2553?
851
What is the greatest common factor of 44019 and 2190?
219
Calculate the greatest common divisor of 9292713 and 69.
69
What is the greatest common divisor of 1665 and 2590?
185
What is the greatest common divisor of 208 and 598?
26
Calculate the greatest common factor of 43604 and 48559.
991
What is the highest common factor of 440 and 962060?
220
What is the highest common factor of 2000 and 64?
16
What is the highest common divisor of 60787 and 89?
89
Calculate the greatest co